{"id":1175,"date":"2024-06-22T19:28:19","date_gmt":"2024-06-22T17:28:19","guid":{"rendered":"https:\/\/www.kirschbaumkindergarten.de\/?page_id=1175"},"modified":"2024-10-31T16:13:40","modified_gmt":"2024-10-31T15:13:40","slug":"paedagogische-konzeption","status":"publish","type":"page","link":"https:\/\/www.kirschbaumkindergarten.de\/?page_id=1175","title":{"rendered":"Paedagogische-Konzeption"},"content":{"rendered":"\n    \n    <section class=\"u-clearfix u-section-2\" id=\"sec-83f0\">\n      <div class=\"u-clearfix u-sheet u-valign-middle u-sheet-1\">\n        <div class=\"fr-view u-align-center u-clearfix u-rich-text u-text u-text-1\">\n          <h3 id=\"isPasted\" style=\"text-align: left;\">\n            <span class=\"u-text-custom-color-2\" style=\"font-weight: 700;\">P\u00c4DAGOGISCHE KONZEPTION<\/span>\n          <\/h3>\n          <h4 style=\"text-align: left;\">\n            <span class=\"u-text-custom-color-3\" style=\"font-weight: 700;\">Ziel und Schwerpunkt<\/span>\n          <\/h4>\n          <p style=\"text-align: left;\">unserer Einrichtung ist es f\u00fcr behinderte und nicht behinderte Kinder einen gemeinsamen Lebens- und Spielraum zu schaffen. In unseren zwei Gruppen wird das selbstverst\u00e4ndliche Miteinander gelebt und dabei allen Kindern ein gr\u00f6\u00dftm\u00f6gliches Ma\u00df an F\u00f6rderung im Sinne einer ganzheitlichen Pers\u00f6nlichkeitsentwicklung geboten.Neben den gruppen-internen Aktivit\u00e4ten gibt f\u00fcr die Kinder beider Gruppen auch h\u00e4ufig die M\u00f6glichkeit, sich untereinander am Spielplatz in den Isarauen zu begegnen und so Kontakte zu kn\u00fcpfen. Dabei wird f\u00fcr die Kinder auch das Verhalten im Stra\u00dfenverkehr zum selbstverst\u00e4ndlichen Lernprozess und Umgang.Die Entwicklung eines gesunden Selbstwertgef\u00fchls, das Lernen voneinander und die Erweiterung der sozialen Kompetenz sind unsere Schwerpunkte.Die Gruppengr\u00f6\u00dfe von je 15 Kindern erm\u00f6glicht eine individuelle Hinwendung zum Kind, um seine Bed\u00fcrfnisse zu erkennen, darauf einzugehen und das Kind dabei zu unterst\u00fctzen, seine St\u00e4rken und seine Schw\u00e4chen anzunehmen.<\/p>\n          <p style=\"text-align: left;\">\n            <br>\n          <\/p>\n          <h4 style=\"text-align: left;\">\n            <span class=\"u-text-custom-color-3\" style=\"font-weight: 700;\">Heilp\u00e4dagogische Betreuung<\/span>\n          <\/h4>\n          <p style=\"text-align: left;\">Die F\u00f6rderung der maximal f\u00fcnf behinderten Kinder pro Gruppe beinhaltet auf jedes Kind abgestimmte heilp\u00e4dagogische Spielstunden.<\/p>\n          <h1 style=\"text-align: center;\">\n            <span style=\"line-height: 2.0;\">\n              <img decoding=\"async\" src=\"https:\/\/www.kirschbaumkindergarten.de\/wp-content\/uploads\/2024\/06\/kirschbaum-konzeption-circle.jpeg\" align=\"center\" style=\"width: 604px;\" class=\"fr-dib fr-fic\" width=\"570\">\n            <\/span>\n          <\/h1>\n          <h4 id=\"isPasted\" style=\"text-align: left;\">\n            <span class=\"u-text-custom-color-3\" style=\"font-weight: 700;\">Das Team<\/span>\n          <\/h4>\n          <p style=\"text-align: left;\">In jeder unserer beiden&nbsp;Gruppen arbeiten zwei&nbsp;Erzieher*innen, eine Kinderpflegerin sowie eine gruppen\u00fcbergreifende Springerkraft. Regelm\u00e4\u00dfige Teamsitzungen und das&nbsp;Gespr\u00e4che mit den Fachtherapeuten sorgen innerhalb unseres Teams f\u00fcr Transparenz, was&nbsp;die Basis unserer&nbsp;Zusammenarbeit ist.<\/p>\n          <p style=\"text-align: left;\">Der Besuch von individuell geeigneten Fortbildungsveranstaltungen und regelm\u00e4\u00dfige Treffen mit einem Supervisor gew\u00e4hrleisten den Erhalt und den Ausbau unserer Fachkompetenzen.<\/p>\n          <p style=\"text-align: left;\">\n            <span style=\"line-height: 2.0;\">&nbsp;<\/span>\n          <\/p>\n          <h4 id=\"isPasted\" style=\"text-align: left;\">\n            <span class=\"u-text-custom-color-3\" style=\"font-weight: 700;\">P\u00e4dagogische Konzeption als PDF Download<\/span>\n          <\/h4>\n          <p style=\"text-align: left;\">Falls Sie mehr \u00fcber unser Konzept in der Tiefe erfahren, lesen Sie gern in unser <a class=\"u-active-none u-border-none u-btn u-button-link u-button-style u-file-link u-hover-none u-none u-text-palette-1-base u-btn-1\" href=\"https:\/\/www.kirschbaumkindergarten.de\/wp-content\/uploads\/2024\/10\/221014_KonzeptionKirschbaumKindergarten.pdf\">offizielles Konzeptionsdokument in PDF-Form<\/a> rein.\n          <\/p>\n          <p style=\"text-align: left;\">\n            <img decoding=\"async\" src=\"https:\/\/www.kirschbaumkindergarten.de\/wp-content\/uploads\/2024\/06\/kirschbaum-konzeption.png\" width=\"570\" style=\"width: 570px;\" class=\"fr-dib fr-fic\">\n          <\/p>\n        <\/div>\n      <\/div>\n    <\/section>\n    \n    \n    \n    \n  \n","protected":false},"excerpt":{"rendered":"<p>P\u00c4DAGOGISCHE KONZEPTION Ziel und Schwerpunkt unserer Einrichtung ist es f\u00fcr behinderte und nicht behinderte Kinder einen gemeinsamen Lebens- und Spielraum zu schaffen. In unseren zwei Gruppen wird das selbstverst\u00e4ndliche Miteinander gelebt und dabei allen Kindern ein gr\u00f6\u00dftm\u00f6gliches Ma\u00df an F\u00f6rderung im Sinne einer ganzheitlichen Pers\u00f6nlichkeitsentwicklung geboten.Neben den gruppen-internen Aktivit\u00e4ten gibt f\u00fcr die Kinder beider Gruppen &hellip; <a href=\"https:\/\/www.kirschbaumkindergarten.de\/?page_id=1175\" class=\"more-link\">Continue reading<span class=\"screen-reader-text\"> &#8222;Paedagogische-Konzeption&#8220;<\/span><\/a><\/p>\n","protected":false},"author":1,"featured_media":0,"parent":0,"menu_order":8,"comment_status":"closed","ping_status":"closed","template":"","meta":{"footnotes":""},"class_list":["post-1175","page","type-page","status-publish","hentry"],"_links":{"self":[{"href":"https:\/\/www.kirschbaumkindergarten.de\/index.php?rest_route=\/wp\/v2\/pages\/1175","targetHints":{"allow":["GET"]}}],"collection":[{"href":"https:\/\/www.kirschbaumkindergarten.de\/index.php?rest_route=\/wp\/v2\/pages"}],"about":[{"href":"https:\/\/www.kirschbaumkindergarten.de\/index.php?rest_route=\/wp\/v2\/types\/page"}],"author":[{"embeddable":true,"href":"https:\/\/www.kirschbaumkindergarten.de\/index.php?rest_route=\/wp\/v2\/users\/1"}],"replies":[{"embeddable":true,"href":"https:\/\/www.kirschbaumkindergarten.de\/index.php?rest_route=%2Fwp%2Fv2%2Fcomments&post=1175"}],"version-history":[{"count":1,"href":"https:\/\/www.kirschbaumkindergarten.de\/index.php?rest_route=\/wp\/v2\/pages\/1175\/revisions"}],"predecessor-version":[{"id":1187,"href":"https:\/\/www.kirschbaumkindergarten.de\/index.php?rest_route=\/wp\/v2\/pages\/1175\/revisions\/1187"}],"wp:attachment":[{"href":"https:\/\/www.kirschbaumkindergarten.de\/index.php?rest_route=%2Fwp%2Fv2%2Fmedia&parent=1175"}],"curies":[{"name":"wp","href":"https:\/\/api.w.org\/{rel}","templated":true}]}}

<section class="u-clearfix u-section-2" id="sec-83f0">
      <div class="u-clearfix u-sheet u-valign-middle u-sheet-1">
        <div class="fr-view u-align-center u-clearfix u-rich-text u-text u-text-1">
          <h3 id="isPasted" style="text-align: left;">
            <span class="u-text-custom-color-2" style="font-weight: 700;">PÄDAGOGISCHE KONZEPTION</span>
          </h3>
          <h4 style="text-align: left;">
            <span class="u-text-custom-color-3" style="font-weight: 700;">Ziel und Schwerpunkt</span>
          </h4>
          <p style="text-align: left;">unserer Einrichtung ist es für behinderte und nicht behinderte Kinder einen gemeinsamen Lebens- und Spielraum zu schaffen. In unseren zwei Gruppen wird das selbstverständliche Miteinander gelebt und dabei allen Kindern ein größtmögliches Maß an Förderung im Sinne einer ganzheitlichen Persönlichkeitsentwicklung geboten.Neben den gruppen-internen Aktivitäten gibt für die Kinder beider Gruppen auch häufig die Möglichkeit, sich untereinander am Spielplatz in den Isarauen zu begegnen und so Kontakte zu knüpfen. Dabei wird für die Kinder auch das Verhalten im Straßenverkehr zum selbstverständlichen Lernprozess und Umgang.Die Entwicklung eines gesunden Selbstwertgefühls, das Lernen voneinander und die Erweiterung der sozialen Kompetenz sind unsere Schwerpunkte.Die Gruppengröße von je 15 Kindern ermöglicht eine individuelle Hinwendung zum Kind, um seine Bedürfnisse zu erkennen, darauf einzugehen und das Kind dabei zu unterstützen, seine Stärken und seine Schwächen anzunehmen.</p>
          <p style="text-align: left;">
            <br>
          </p>
          <h4 style="text-align: left;">
            <span class="u-text-custom-color-3" style="font-weight: 700;">Heilpädagogische Betreuung</span>
          </h4>
          <p style="text-align: left;">Die Förderung der maximal fünf behinderten Kinder pro Gruppe beinhaltet auf jedes Kind abgestimmte heilpädagogische Spielstunden.</p>
          <h1 style="text-align: center;">
            <span style="line-height: 2.0;">
              <img decoding="async" src="https://www.kirschbaumkindergarten.de/wp-content/uploads/2024/06/kirschbaum-konzeption-circle.jpeg" align="center" style="width: 604px;" class="fr-dib fr-fic" width="570">
            </span>
          </h1>
          <h4 id="isPasted" style="text-align: left;">
            <span class="u-text-custom-color-3" style="font-weight: 700;">Das Team</span>
          </h4>
          <p style="text-align: left;">In jeder unserer beiden&nbsp;Gruppen arbeiten zwei&nbsp;Erzieher*innen, eine Kinderpflegerin sowie eine gruppenübergreifende Springerkraft. Regelmäßige Teamsitzungen und das&nbsp;Gespräche mit den Fachtherapeuten sorgen innerhalb unseres Teams für Transparenz, was&nbsp;die Basis unserer&nbsp;Zusammenarbeit ist.</p>
          <p style="text-align: left;">Der Besuch von individuell geeigneten Fortbildungsveranstaltungen und regelmäßige Treffen mit einem Supervisor gewährleisten den Erhalt und den Ausbau unserer Fachkompetenzen.</p>
          <p style="text-align: left;">
            <span style="line-height: 2.0;">&nbsp;</span>
          </p>
          <h4 id="isPasted" style="text-align: left;">
            <span class="u-text-custom-color-3" style="font-weight: 700;">Pädagogische Konzeption als PDF Download</span>
          </h4>
          <p style="text-align: left;">Falls Sie mehr über unser Konzept in der Tiefe erfahren, lesen Sie gern in unser <a class="u-active-none u-border-none u-btn u-button-link u-button-style u-file-link u-hover-none u-none u-text-palette-1-base u-btn-1" href="https://www.kirschbaumkindergarten.de/wp-content/uploads/2024/10/221014_KonzeptionKirschbaumKindergarten.pdf">offizielles Konzeptionsdokument in PDF-Form</a> rein.
          </p>
          <p style="text-align: left;">
            <img decoding="async" src="https://www.kirschbaumkindergarten.de/wp-content/uploads/2024/06/kirschbaum-konzeption.png" width="570" style="width: 570px;" class="fr-dib fr-fic">
          </p>
        </div>
      </div>
    </section>

<p>PÄDAGOGISCHE KONZEPTION Ziel und Schwerpunkt unserer Einrichtung ist es für behinderte und nicht behinderte Kinder einen gemeinsamen Lebens- und Spielraum zu schaffen. In unseren zwei Gruppen wird das selbstverständliche Miteinander gelebt und dabei allen Kindern ein größtmögliches Maß an Förderung im Sinne einer ganzheitlichen Persönlichkeitsentwicklung geboten.Neben den gruppen-internen Aktivitäten gibt für die Kinder beider Gruppen &hellip; <a href="https://www.kirschbaumkindergarten.de/?page_id=1175" class="more-link">Continue reading<span class="screen-reader-text"> &#8222;Paedagogische-Konzeption&#8220;</span></a></p>
